+ 2*n**3 + 5*n**2/2 - 3*n - 2. Let k be d(-4). Suppose -v = 2*v - k. Calculate the highest common factor of v and 21.
3
Let f = 80 - 25. Let b(y) = -y**3 - 24*y**2 + 53*y + 31. Let i be b(-26). What is the highest common factor of i and f?
5
Suppose 24 = -6*c + 8*c. What is the highest common factor of c and 4?
4
Let w = 4 - 0. What is the greatest common factor of 16 and w?
4
Suppose -89 = -3*t - 5. Let h(j) = -j + 9. Let k be h(5). Calculate the highest common factor of t and k.
4
Suppose 6 = 6*j - 12. Calculate the greatest common divisor of 21 and j.
3
Suppose 3*d - 65 = 2*s, 3*d - 4*s = -3*s + 64. Suppose -2*c + 0*h - h = -6, 2*h - 9 = -3*c. Calculate the highest common factor of d and c.
3
Suppose 10*l - 48 = 8*l. What is the highest common factor of l and 8?
8
Let y(x) = -3*x**2 + 6 + 0*x**2 + 4*x**2 + 4*x. Let a be y(-6). Let w = -9 - -15. Calculate the highest common divisor of a and w.
6
Suppose 0 = -4*m + 5*t + 49, -4*t = -m - t + 21. Let d be ((-2 + 4)/(-2))/(-1). Let g be 7/d + m/6. What is the highest common factor of 40 and g?
8
Let j(h) = 7*h**3 + 2*h - 1. Let m be j(1). Let o be (18/m)/(2/64). Let i be 1 - (-2 - -3)*-8. Calculate the greatest common divisor of o and i.
9
Suppose 2*m = -4*c - 8, 3*m - 14 = 3*c + 1. Let f(a) = -4*a - 2. Let v be f(c). Calculate the highest common divisor of v and 2.
2
Let t be ((-11)/(-4))/(10/80). What is the greatest common factor of t and 198?
22
Let u(w) = -w**3 + 6*w**2 - 2*w - 2. Let k be u(2). Suppose -6*g - 6*g = -180. What is the highest common divisor of g and k?
5
Let i = 39 + -30. Calculate the highest common divisor of 18 and i.
9
Suppose 2*l - 66 = -10. Suppose -2*k - 3*y + 16 = 2, -3*k = -2*y - 8. What is the highest common divisor of k and l?
4
Let o = -22 - -32. Calculate the highest common divisor of o and 40.
10
Let w(b) = -b**2 - 5*b + 5. Let z = -17 + 11. Let i be w(z). Let d be (-55)/5*i*1. What is the greatest common divisor of 121 and d?
11
Let s = 73 + -47. Let c be (-4)/10 + (-3132)/(-30). What is the highest common divisor of s and c?
26
Suppose 2*i = 5*s + 28, 4*s + 15 = -i + 3. Let f = 7 + s. What is the highest common factor of f and 15?
3
Suppose 5*p - 20 = -5*h, 4*p + 2*h + h - 20 = 0. Let r be 4*(p - 2) - 2. Calculate the highest common factor of r and 110.
22
Let m be 24/((15/2)/5). Suppose -5*i - 29 = -4*b, -2*b = 2*b + 4*i + m. Let g = -15 - -24. What is the highest common divisor of b and g?
1
Let v(z) = 14*z - 4. Suppose -2*b + 2 = -8. Let l be v(b). Calculate the greatest common divisor of l and 6.
6
Let y be (-1 - -2)*204/12. What is the highest common divisor of 17 and y?
17
Let z(n) = n**2 - 14*n + 15. Let c be z(13). Calculate the highest common divisor of c and 3.
1
Let i(q) = 6*q**3 - 11*q**2 - q - 1. Let y(g) = -3*g**3 + 6*g**2 + g. Let u(k) = 4*i(k) + 7*y(k). Let d be u(4). What is the greatest common factor of d and 24?
24
Let g(i) = 9*i**2 + 2*i + 1. Suppose -5*f + 6*u = u - 10, -5*f + 4*u = -7. Let n be g(f). What is the greatest common divisor of 1 and n?
1
Suppose -3*h = 12, 0 = -2*w + 4*w + 4*h - 18. Calculate the greatest common factor of w and 153.
17
Let u be (-10)/55 - (-1388)/11. What is the highest common factor of 18 and u?
18
Let a = 70 - 26. What is the highest common divisor of 22 and a?
22
Let l(n) = 3*n - 1. Let j be l(5). Let m = 369 + -263. Suppose 2*d + m = c - 0*d, -3*c + 5*d + 314 = 0. Calculate the greatest common divisor of j and c.
14
Let f be ((-2)/4)/((-4)/(-24)). Let c(b) = -62*b + 4. Let g be c(f). Let h = g - 109. Calculate the highest common divisor of h and 9.
9
Let n = -40 - -41. Calculate the highest common divisor of n and 8.
1
Let x be (4/6)/(6/27). Let g = -4 - -6. Suppose -j = -g*j + 12. Calculate the greatest common divisor of x and j.
3
Suppose -26*y = -24*y - 40. What is the greatest common factor of 15 and y?
5
Let d = 13 - -130. What is the greatest common factor of d and 13?
13
Suppose -2*d - 70 - 32 = -4*m, -m + 33 = -3*d. Let l(i) = i**2 - i + 6. Let u be l(0). Calculate the highest common divisor of m and u.
6
Suppose 4*c - 4 = 0, 0*q + 5*q - c - 9 = 0. Suppose 0 = 5*n + 20, 182 = q*l - 0*l + 4*n. What is the highest common factor of 11 and l?
11
Suppose o - 4*o = -144. Let v be (5/3 - 1)*3. Suppose v*t - 8*t = -144. Calculate the greatest common factor of o and t.
24
Let v = 60 - 54. Calculate the highest common divisor of 6 and v.
6
Let f(z) = z**3 - z**2 - 5*z - 3. Let t be f(4). Suppose 3*x + 25 = 8*x. What is the highest common factor of t and x?
5
Let g = 1 - -1. Let d(a) = -5*a**2 - 3 + 3 + 6*a**g. Let k be d(2). Calculate the highest common divisor of k and 8.
4
Let l = 6 + 0. Let k(x) = 7*x + 6. Let i(v) = 6*v + 5. Let q(d) = 6*i(d) - 5*k(d). Let u be q(l). What is the highest common divisor of 42 and u?
6
Let m be 126/(-8)*(2 - 10). What is the highest common divisor of m and 18?
18
Let b = 19 + 5. Let s be b + (1 - (3 - -1)). Suppose -7 = -5*m + 28. Calculate the greatest common divisor of s and m.
7
Let m(h) = 21*h**3 - 4*h**2 + 2*h + 4. Let c be m(2). What is the highest common divisor of 20 and c?
20
Let y be -2 - (-4)/((-12)/(-69)). What is the highest common factor of 84 and y?
21
Let l(g) = -g**2 - 2*g + 1. Let x be (1 - 4)*(-2)/6. Let y be l(x). Let z be (-1 - y)/(4/56). Calculate the greatest common divisor of z and 2.
2
Suppose 3*y - 10 = -4*k, 2 + 4 = -3*k. Let t be ((-26)/4)/((-5)/(-10)). Let n = -9 - t. Calculate the greatest common divisor of n and y.
2
Let h = -3 - -23. Suppose -g + 3*j + 7 = 0, -45 = -3*g + 5*j - h. Let n = -19 + 59. Calculate the highest common divisor of g and n.
10
Suppose 0 = -4*y + 5 - 1. Let o be 40/6 - 3/(-9). What is the greatest common divisor of y and o?
1
Suppose 2*d = -4*l + 3 + 23, -5*d + 2*l = -5. Let h be d/6*-2 - -7. Suppose w + 18 = 3*w. What is the greatest common divisor of h and w?
3
Let s be 2/2 + 4 + 1. Suppose -7*u + 52 = 10. Suppose -u - s = -4*p. What is the greatest common factor of 9 and p?
3
Suppose 3*j - 13 = -2*m + 25, 0 = -4*j - m + 54. What is the greatest common factor of 14 and j?
14
Suppose -3*o - g + 58 = 3*g, -5*o + 4*g + 54 = 0. Let d(u) = -27*u + 1. Let y be d(-1). What is the greatest common factor of o and y?
14
Suppose -2*a - 2*a + 92 = 0. Suppose 0 = 4*i + 3*t - 2*t + 1466, -5*t + 10 = 0. Let n be 1/4 + i/(-4). What is the highest common factor of a and n?
23
Let k(c) = -2*c**2 + 20*c + 2*c**3 - 19*c + 3 - 3*c**2. Let n be k(3). What is the greatest common divisor of 150 and n?
15
Suppose 2*p - 408 = 2*q + 30, 0 = 2*p - 5*q - 444. Calculate the highest common factor of p and 31.
31
Suppose 2*o + 2*o = 0. Suppose 2*j + o = 8. Suppose 5*m + j*n = 5*n + 65, -2*m + 2*n = -34. Calculate the highest common divisor of m and 36.
12
Let t(u) = 12*u + 2. Let n be t(2). Suppose 0*o = -o + 65. What is the highest common factor of n and o?
13
Let b(u) = u + 4. Let y be b(5). Let f be 6/y + 1/3. Calculate the greatest common factor of f and 3.
1
Let u be (-2)/(-10)*5 - -20. Calculate the highest common divisor of u and 14.
7
Let b = 116 + -88. What is the highest common divisor of 8 and b?
4
Let s = -31 + 39. Calculate the greatest common divisor of 2 and s.
2
Suppose -7*w = -3*l - 12*w + 32, 0 = -2*l - 3*w + 23. Calculate the greatest common divisor of l and 95.
19
Let r = -90 + 130. Let p = -23 + 33. What is the greatest common divisor of p and r?
10
Let b = 0 + 3. Let n be 122/8 + b/(-12). Let k be 12/10*n/2. Calculate the greatest common factor of k and 90.
9
Let m(x) = x**3 + 11*x**2 + 3*x - 9. Let n be m(-9). Calculate the highest common divisor of n and 14.
14
Suppose -1195 = -5*m - 3*a, 5*m + 2*a = -0*a + 1200. Suppose 4*w = 1106 - m. Suppose 4*p - w = 2*p. Calculate the greatest common divisor of p and 12.
12
Suppose 53 = 3*g - 5*l, -2*l + 88 = g + 2*g. What is the greatest common factor of 39 and g?
13
Suppose -m - 6*m = -175. What is the greatest common divisor of m and 25?
25
Let s = 10 - 5. Suppose -12 = -4*b - u + 71, 0 = -5*u - s. What is the greatest common factor of 147 and b?
21
Let v(n) = n**2 - 6*n + 7. Let i be v(6). Let a be 2/2*i*1. Let o(u) = 2*u + 7. Let t be o(a). What is the highest common divisor of t and 7?
7
Suppose -10 = -5*z + n + 217, 4*z - 182 = n. Let t be 18 - (-1 + -2 + 3). What is the high